a multiple of 9?
False
Does 586 divide 824238300?
True
Is 303 a factor of 21212577?
False
Is 195145470 a multiple of 54?
True
Is 2652180 a multiple of 10?
True
Does 482 divide 1076415849?
False
Is 452162 a multiple of 3097?
True
Is 42 a factor of 186489786?
True
Does 219 divide 306624966?
True
Is 65 a factor of 63262095?
True
Is 2278 a factor of 281415550?
False
Does 194 divide 59760773?
False
Does 201 divide 592413933?
True
Does 30 divide 105752740?
False
Does 3720 divide 60616765?
False
Does 123 divide 115451727?
False
Is 34301592 a multiple of 75?
False
Is 10 a factor of 56401700?
True
Is 4472 a factor of 1154062208?
True
Is 97332669 a multiple of 10?
False
Is 865 a factor of 65514235?
True
Is 156872200 a multiple of 2344?
True
Is 9 a factor of 1239537?
False
Is 1245 a factor of 66180465?
True
Is 3 a factor of 48660270?
True
Is 28097911 a multiple of 37?
True
Is 657 a factor of 802985834?
False
Is 28130345 a multiple of 17?
False
Is 948 a factor of 125767030?
False
Is 3925559763 a multiple of 168?
False
Is 375 a factor of 179112375?
True
Is 17 a factor of 55012064?
False
Is 37 a factor of 9982633?
False
Does 2180 divide 417297780?
True
Is 1669 a factor of 6747767?
True
Does 1564 divide 52017076?
True
Does 589 divide 275980972?
False
Is 35448628 a multiple of 685?
False
Is 12 a factor of 27848880?
True
Does 103 divide 31760149?
False
Is 1580265700 a multiple of 12?
False
Is 13 a factor of 671214297?
True
Is 717624088 a multiple of 389?
True
Is 116 a factor of 1132700496?
False
Is 54449515 a multiple of 151?
False
Is 497719131 a multiple of 7?
True
Is 13 a factor of 24210498?
True
Is 78663648 a multiple of 456?
True
Is 9765260 a multiple of 148?
False
Is 1402 a factor of 48422276?
True
Is 1561303140 a multiple of 5?
True
Is 269 a factor of 10805535?
False
Is 642105445 a multiple of 365?
True
Does 2366 divide 53933856?
False
Does 74 divide 561484028?
True
Does 11 divide 5477206?
False
Is 13789527 a multiple of 287?
False
Is 1205759236 a multiple of 1754?
True
Is 4 a factor of 49715936?
True
Is 1872693 a multiple of 1613?
True
Is 7876262 a multiple of 73?
True
Does 60 divide 72140230?
False
Does 603 divide 376754400?
True
Is 1292356 a multiple of 14?
False
Is 107258316 a multiple of 4?
True
Is 252249036 a multiple of 156?
True
Does 4 divide 2144624?
True
Is 7 a factor of 1577047?
False
Is 113 a factor of 2113337074?
True
Does 22 divide 32815310?
True
Is 753 a factor of 159116869?
False
Is 215977548 a multiple of 6?
True
Is 130 a factor of 115960?
True
Does 30 divide 29801255?
False
Does 5 divide 4738845?
True
Is 1209938 a multiple of 771?
False
Does 918 divide 186251428?
False
Does 7 divide 502842004?
True
Is 124 a factor of 80600496?
True
Is 16253300 a multiple of 4900?
True
Is 484562949 a multiple of 7921?
False
Is 1166 a factor of 145213640?
True
Does 222 divide 812681683?
False
Is 159 a factor of 62169795?
True
Is 33 a factor of 21774060?
True
Does 3760 divide 106538580?
False
Is 83 a factor of 640938108?
False
Is 2244 a factor of 16517613?
False
Is 1501 a factor of 327037880?
True
Is 719373739 a multiple of 173?
False
Is 17 a factor of 1261089?
False
Does 2 divide 257279821?
False
Is 979037331 a multiple of 244?
False
Is 13 a factor of 188257784?
True
Is 369 a factor of 363414035?
False
Is 180 a factor of 1245186900?
True
Is 746 a factor of 102365906?
False
Is 570 a factor of 19013490?
True
Is 46362880 a multiple of 6245?
True
Is 4715495 a multiple of 37?
False
Is 8792217 a multiple of 32?
False
Is 76815853 a multiple of 15?
False
Is 12848412 a multiple of 1212?
True
Does 39 divide 35174566?
False
Is 14597780 a multiple of 20?
True
Is 18 a factor of 1085665044?
False
Is 82 a factor of 5264453?
False
Does 37 divide 33391291?
False
Does 600 divide 101885400?
True
Is 27381125 a multiple of 22?
False
Is 146451959 a multiple of 5?
False
Is 1389870976 a multiple of 208?
True
Is 1776 a factor of 370420320?
True
Is 693 a factor of 4675528428?
False
Is 378 a factor of 798699662?
False
Is 3041408 a multiple of 32?
True
Is 303637058 a multiple of 10?
False
Is 67 a factor of 586293353?
False
Is 38670348 a multiple of 1676?
True
Does 5233 divide 320761968?
True
Is 684 a factor of 375938183?
False
Is 12 a factor of 50438831?
False
Is 7 a factor of 265846530?
False
Does 7 divide 23977730?
True
Is 128747552 a multiple of 16?
True
Does 2 divide 116984629?
False
Is 3 a factor of 47587985?
False
Does 80 divide 4135348331?
False
Does 5 divide 54277615?
True
Is 2363 a factor of 272827254?
True
Is 747 a factor of 73214798?
False
Does 111 divide 16083234?
True
Is 67733562 a multiple of 5?
False
Is 14878335 a multiple of 5058?
False
Is 2272355 a multiple of 119?
False
Is 1420466483 a multiple of 131?
False
Is 68 a factor of 120059595?
False
Is 356782397 a multiple of 1781?
False
Does 36 divide 2599632?
True
Does 58 divide 511573918?
False
Is 178394634 a multiple of 187?
True
Does 781 divide 827393743?
True
Is 42 a factor of 131227626?
False
Does 1175 divide 11003732?
False
Is 6659 a factor of 694094206?
True
Is 175234289 a multiple of 525?
False
Does 6 divide 35834768?
False
Is 6353419 a multiple of 2?
False
Is 23 a factor of 8412526?
True
Is 1745054532 a multiple of 537?
True
Is 4 a factor of 40682748?
True
Is 5623888283 a multiple of 228?
False
Is 539 a factor of 108115351?
False
Is 267 a factor of 4142836466?
False
Is 4630398192 a multiple of 21?
True
Does 3612 divide 1288753883?
False
Is 358 a factor of 850429358?
True
Is 2074809 a multiple of 182?
False
Is 90901018 a multiple of 25?
False
Does 2 divide 98547656?
True
Is 853 a factor of 66272982?
True
Is 276759094 a multiple of 1106?
False
Is 19104277 a multiple of 1461?
False
Is 52911432 a multiple of 554?
True
Is 2 a factor of 6316988?
True
Is 873 a factor of 2807367210?
True
Is 22 a factor of 5482102619?
False
Does 25 divide 2999590800?
True
Is 82 a factor of 42478605?
False
Is 233448480 a multiple of 108?
True
Is 330 a factor of 170018243?
False
Is 12 a factor of 270788448?
True
Is 2196333411 a multiple of 17?
True
Does 103 divide 387410831?
False
Is 17 a factor of 59313833?
True
Is 220 a factor of 2194174?
False
Is 222 a factor of 413237238?
True
Is 7814 a factor of 6729478?
False
Is 2249650676 a multiple of 1222?
True
Does 23 divide 60918444?
True
Is 11 a factor of 4910961?
True
Is 12585321 a multiple of 27?
True
Is 4056926477 a multiple of 10803?
False
Does 5 divide 494260?
True
Does 574 divide 91960540?
True
Does 1744 divide 7188768?
True
Is 1478 a factor of 17910404?
True
Is 55 a factor of 816863333?
False
Is 86 a factor of 29053873?
False
Is 151074274 a multiple of 28?
False
Does 3130 divide 1844838374?
False
Is 385 a factor of 1468713255?
False
Does 69 divide 4552196?
False
Is 1135392606 a multiple of 241?
False
Is 458483052 a multiple of 150?
False
Does 291 divide 3321042174?
False
Is 3 a factor of 102826458?
True
Does 4 divide 187953420?
True
Is 48 a factor of 1214920748?
False
Is 18128668 a multiple of 694?
True
Is 1291807032 a multiple of 6?
True
Is 9 a factor of 11783437?
False
Is 18 a factor of 4087637136?
True
Is 52 a factor of 23442431?
False
Is 539045533 a multiple of 29?
True
Is 196 a factor of 22903711?
False
Is 157190852 a multiple of 15?
False
Is 11 a factor of 1558411943?
True
Is 646634100 a multiple of 1239?
True
Does 2182 divide 192414721?
False
Is 150 a factor of 4465399200?
True
Is 106 a factor of 1503834963?
False
Is 11477172 a multiple of 42?
True
Is 82 a factor of 1293108201?
False
Is 614 a factor of 83812139?
False
Is 6541688 a multiple of 331?
False
Does 72 divide 6657326928?
True
Is 170 a factor of 5104420?
True
Is 412670599 a multiple of 30?
False
Is 591 a factor of 26476209?
True
Is 1162 a factor of 5142105?
False
Is 113772944 a multiple of 16?
True
Is 345 a factor of 1694368485?
True
Is 43701750 a multiple of 14?
False
Is 47 a factor of 28965583?
True
Does 3059 divide 1474860142?
True
Is 35 a factor of 105983605?
True
Is 97027717 a multiple of 4?
False
Is 98005150 a multiple of 19?
False
Is 453470910 a multiple of 570?
True
Is 421040 a multiple of 2?
True
Is 4 a factor of 5503536?
True
Does 22 divide 2074705622?
True
Is 11249 a factor of 1516015186?
False
Is 487 a factor of 4646954?
True
Does 22 divide 70457636?
False
Does 15 divide 2790881490?
True
Does 13 divide 57